e 5, what is 120 + -2024113?
-2023443
In base 12, what is -5 + -103213?
-103218
In base 8, what is 37624 - 0?
37624
In base 11, what is -a391 + -66?
-a447
In base 8, what is -62 + -607?
-671
In base 8, what is -4 + 2205572?
2205566
In base 15, what is -64 - -314?
2a0
In base 8, what is 3422 - 267?
3133
In base 4, what is 1 + -10121221?
-10121220
In base 8, what is 4272375 - 0?
4272375
In base 4, what is 33121 - 2221?
30300
In base 3, what is -1010 - 1022202?
-1100212
In base 11, what is -105 - -9003?
89a9
In base 6, what is -1122240 - -5?
-1122231
In base 3, what is 112000211 + -2?
112000202
In base 5, what is -414002230 + 0?
-414002230
In base 2, what is -10 + -11101011111110?
-11101100000000
In base 11, what is 3 + 3a876?
3a879
In base 2, what is -10001 - 11011111111100010?
-11011111111110011
In base 8, what is -62101 + -3?
-62104
In base 9, what is -3 - 812056?
-812060
In base 7, what is 402466 + 22?
402521
In base 14, what is 1b67 + 283?
200a
In base 16, what is -29 + -58f?
-5b8
In base 14, what is -a1b - -16d9?
abc
In base 6, what is 4 - -3242455?
3242503
In base 5, what is -203 + 4004?
3301
In base 15, what is 8987b + 7?
89883
In base 2, what is 10 - -110001110010110?
110001110011000
In base 4, what is 0 - -121312302?
121312302
In base 13, what is -3 - 130a5?
-130a8
In base 5, what is -102021 - -20?
-102001
In base 12, what is 17019 - 63?
16b76
In base 4, what is 1021003 - -10?
1021013
In base 5, what is 2 + -13134432?
-13134430
In base 8, what is -2 + 2343620?
2343616
In base 2, what is 10 + -1011110001010001111?
-1011110001010001101
In base 10, what is 1 + -203380?
-203379
In base 8, what is -7745307 + 4?
-7745303
In base 7, what is -3465 - -514?
-2651
In base 4, what is -122302 + -110?
-123012
In base 16, what is 2cc6 + -43?
2c83
In base 6, what is -12155 - -142?
-12013
In base 15, what is b33 + -295?
88d
In base 14, what is 296 + -761?
-4a9
In base 10, what is -3 + 11507?
11504
In base 13, what is 5 + -173a0?
-17398
In base 16, what is 3 - -2b9a?
2b9d
In base 15, what is -1d44 - 4?
-1d48
In base 6, what is 3501 - 3543?
-42
In base 3, what is -10 - 22002021102?
-22002021112
In base 4, what is 231 - 232010?
-231113
In base 11, what is 9447 + 35?
9481
In base 4, what is 1011030021 + 3?
1011030030
In base 13, what is 9037a + 3?
90380
In base 16, what is -10f1 + 2e?
-10c3
In base 2, what is 100011001000 + -10111?
100010110001
In base 7, what is 30 + -6062?
-6032
In base 13, what is 27 - 233?
-209
In base 6, what is -2 - -125303?
125301
In base 15, what is 0 + 53dc?
53dc
In base 3, what is 111 - -2101210220?
2101211101
In base 15, what is b548 + -8?
b540
In base 15, what is -1 - -ab50?
ab4e
In base 4, what is -10133313110 + 3?
-10133313101
In base 7, what is 62323 - 6?
62314
In base 4, what is -12012 - 1113?
-13131
In base 5, what is 10014042 + -13?
10014024
In base 3, what is 12 - -21002102222?
21002110011
In base 9, what is 15 + -20481?
-20465
In base 14, what is 2c2 - -b7?
399
In base 12, what is 2986 + 21b?
2ba5
In base 5, what is 0 - 23044?
-23044
In base 9, what is 2 + -755382?
-755380
In base 2, what is 101 - 10101110010111?
-10101110010010
In base 16, what is -1d6 + 5?
-1d1
In base 8, what is 3 + 6652?
6655
In base 15, what is 2 - -5c7b?
5c7d
In base 12, what is -197 - -91?
-106
In base 12, what is 179 - 27?
152
In base 13, what is 2 - -26b1?
26b3
In base 14, what is -1 - 4563?
-4564
In base 10, what is -55 - 3674?
-3729
In base 14, what is 8a - db2?
-d26
In base 2, what is 110 + -1000100110101011?
-1000100110100101
In base 5, what is 414 - 14301?
-13332
In base 14, what is -47db8 - -2?
-47db6
In base 16, what is 3 + 1087b?
1087e
In base 14, what is c + -13741?
-13733
In base 8, what is 144 + 50?
214
In base 13, what is 21 - -4017?
4038
In base 9, what is 4 + -48324?
-48320
In base 16, what is -5 - 98?
-9d
In base 12, what is 2 - -51728a?
517290
In base 3, what is -2000012 + 2100211?
100122
In base 13, what is -3 - -7aa2c?
7aa29
In base 9, what is -22168 - 0?
-22168
In base 5, what is -4 + -231313?
-231322
In base 15, what is -24 + 355d?
3539
In base 12, what is -2 + 2258?
2256
In base 9, what is 450 + 62?
522
In base 13, what is -aa7 - 768?
-1542
In base 7, what is 3502 - -120?
3622
In base 4, what is 11 - 10201011130?
-10201011113
In base 15, what is 1951 + 3?
1954
In base 10, what is -93012 - -5?
-93007
In base 9, what is 6571 + -65?
6505
In base 2, what is 101 + -1101010001110101?
-1101010001110000
In base 9, what is -177 + 1162?
874
In base 6, what is -5 - 5403320?
-5403325
In base 2, what is 1001111001011 + -110?
1001111000101
In base 14, what is -24 + -138?
-15c
In base 7, what is 0 + 160023?
160023
In base 3, what is -112112222 + 121?
-112112101
In base 11, what is -3a - -129a6?
12967
In base 16, what is -2 - -177e8e?
177e8c
In base 8, what is 152 - -2157?
2331
In base 2, what is 1010111001111000 + -111010?
1010111000111110
In base 13, what is 0 + 54a0?
54a0
In base 9, what is -5 - -1106345?
1106340
In base 16, what is -3f47 - 1e?
-3f65
In base 5, what is 42112142 - 1?
42112141
In base 10, what is -4 + 21008?
21004
In base 12, what is -3548 + 3?
-3545
In base 9, what is 4 + -446130?
-446125
In base 15, what is 13a - 2c1?
-186
In base 9, what is -344 + -821?
-1265
In base 10, what is -2 + -180769?
-180771
In base 3, what is -1001101222122 - -10?
-1001101222112
In base 14, what is -c7d + -2b?
-caa
In base 15, what is -4 + b4b?
b47
In base 11, what is 14 - 2417?
-2403
In base 11, what is -44a62 + 0?
-44a62
In base 3, what is -101 - 10110221222?
-10110222100
In base 8, what is -2 - -535752?
535750
In base 11, what is 15a0 + -31?
156a
In base 7, what is 1 + 601025?
601026
In base 15, what is 12 + -91b?
-909
In base 7, what is 34534 - -14?
34551
In base 13, what is -10 + 265a?
264a
In base 11, what is -6 - -20?
15
In base 8, what is 123727 + 12?
123741
In base 8, what is 2414 + 577?
3213
In base 15, what is -2 + -8d4d?
-8d50
In base 9, what is -3441064 - -4?
-3441060
In base 5, what is -14020 - 111?
-14131
In base 11, what is 3267 - -7?
3273
In base 2, what is 100101 - -100110001000101?
100110001101010
In base 15, what is -37 - 455d?
-4595
In base 16, what is -38dda + 6?
-38dd4
In base 4, what is 2 + 120033?
120101
In base 13, what is a1 + 1015?
10b6
In base 16, what is 2 + 3bfa?
3bfc
In base 9, what is -53634 + 18?
-53615
In base 12, what is 24 - 6ab?
-687
In base 16, what is -81d + -11?
-82e
In base 11, what is 42999 + -1?
42998
In base 5, what is 132241 - -14?
132310
In base 6, what is -344251 - -5?
-344242
In base 16, what is -224 - 27?
-24b
In base 3, what is -1022012 - -11?
-1022001
In base 2, what is 100001111010101001 - -10?
100001111010101011
In base 11, what is 1 + 5261?
5262
In base 10, what is -6733 + 8?
-6725
In base 10, what is 5703 - -37?
5740
In base 4, what is -102 - 110113?
-110221
In base 5, what is 214233 - -1324?
221112
In base 5, what is -101 - 13243?
-13344
In base 3, what is 120 + 21122100?
21122220
In base 7, what is -54 - 6506?
-6563
In base 3, what is 2211220222 + 2?
2211221001
In base 16, what is -1f9 + 78f?
596
In base 16, what is 229 + -16?
213
In base 9, what is 2 + 1657786?
1657788
In base 10, what is -320 + -3970?
-4290
In base 2, what is -1000100011011 + 11011?
-1000100000000
In base 5, what is 3132 + 4431?
13113
In base 8, what is -7 - 44533?
-44542
In base 12, what is -46 + -1486?
-1510
In base 8, what is 27 - 7401?
-7352
In base 16, what is 28 - -350?
378
In base 10, what is 10947 + -1?
10946
In base 10, what is -168232 + -3?
-168235
In base 2, what is -100 - 1110010010000000111?
-1110010010000001011
In base 14, what is 5 + 3519?
3520
In base 11, what is 4 + -3786?
-3782
In base 9, what is -4433 + 2?
-4431
In base 7, what is 611 + 26266?
30210
In base 4, what is 130132000 + -2?
130131332
In base 6, what is -131 - -22250?
22115
In base 11, what is 1200 + 195?
1395
In base 11, what is 51093 + -4?
5108a
In base 16, what is 6dd + 9d?
77a
In base 3, what is -1221212 - -202?
-1221010
In base 10, what is 136 - 606?
-470
In base 9, what is 61608 - 1?
61607
In base 3, what is 10 + 2221021?
2221101
In base 7, what is -4 - -3602466?
3602462
In base 5, what is -2 - 1103043?
-1103100
In base 16, what is 5 + 3e41?
3e46
In base 3, what is -1201 - -1112?
-12
In base 8, what is 104 - -132?
236
In base 16,